{"version":"1.0","provider_name":"ProHolzlandwald.de","provider_url":"https:\/\/www.proholzlandwald.de\/bi","author_name":"Michael Pfl\u00fcgner","author_url":"https:\/\/www.proholzlandwald.de\/bi\/author\/mp\/","title":"Holzl\u00e4nder zur Demo gegen Windr\u00e4der im Wald - ProHolzlandwald.de","type":"rich","width":600,"height":338,"html":"<blockquote class=\"wp-embedded-content\" data-secret=\"RK7hsyxNtf\"><a href=\"https:\/\/www.proholzlandwald.de\/bi\/holzlaender-zur-demo-gegen-windraeder-im-wald\/\">Holzl\u00e4nder zur Demo gegen Windr\u00e4der im Wald<\/a><\/blockquote><iframe sandbox=\"allow-scripts\" security=\"restricted\" src=\"https:\/\/www.proholzlandwald.de\/bi\/holzlaender-zur-demo-gegen-windraeder-im-wald\/embed\/#?secret=RK7hsyxNtf\" width=\"600\" height=\"338\" title=\"&#8222;Holzl\u00e4nder zur Demo gegen Windr\u00e4der im Wald&#8220; &#8211; ProHolzlandwald.de\" data-secret=\"RK7hsyxNtf\" frameborder=\"0\" marginwidth=\"0\" marginheight=\"0\" scrolling=\"no\" class=\"wp-embedded-content\"><\/iframe><script type=\"text\/javascript\">\n\/* <![CDATA[ *\/\n\/*! This file is auto-generated *\/\n!function(d,l){\"use strict\";l.querySelector&&d.addEventListener&&\"undefined\"!=typeof URL&&(d.wp=d.wp||{},d.wp.receiveEmbedMessage||(d.wp.receiveEmbedMessage=function(e){var t=e.data;if((t||t.secret||t.message||t.value)&&!\/[^a-zA-Z0-9]\/.test(t.secret)){for(var s,r,n,a=l.querySelectorAll('iframe[data-secret=\"'+t.secret+'\"]'),o=l.querySelectorAll('blockquote[data-secret=\"'+t.secret+'\"]'),c=new RegExp(\"^https?:$\",\"i\"),i=0;i<o.length;i++)o[i].style.display=\"none\";for(i=0;i<a.length;i++)s=a[i],e.source===s.contentWindow&&(s.removeAttribute(\"style\"),\"height\"===t.message?(1e3<(r=parseInt(t.value,10))?r=1e3:~~r<200&&(r=200),s.height=r):\"link\"===t.message&&(r=new URL(s.getAttribute(\"src\")),n=new URL(t.value),c.test(n.protocol))&&n.host===r.host&&l.activeElement===s&&(d.top.location.href=t.value))}},d.addEventListener(\"message\",d.wp.receiveEmbedMessage,!1),l.addEventListener(\"DOMContentLoaded\",function(){for(var e,t,s=l.querySelectorAll(\"iframe.wp-embedded-content\"),r=0;r<s.length;r++)(t=(e=s[r]).getAttribute(\"data-secret\"))||(t=Math.random().toString(36).substring(2,12),e.src+=\"#?secret=\"+t,e.setAttribute(\"data-secret\",t)),e.contentWindow.postMessage({message:\"ready\",secret:t},\"*\")},!1)))}(window,document);\n\/* ]]> *\/\n<\/script>\n","thumbnail_url":"https:\/\/www.proholzlandwald.de\/bi\/wp-content\/uploads\/2019\/06\/Bln5.jpg","thumbnail_width":1024,"thumbnail_height":768,"description":"Mitglieder der BI proholzlandwald e.V. und der BI St. Gangloff folgten dem Aufruf des Aktionsb\u00fcndnisses pro Natur zum Schutz unsere Heimat und der VI Rettet Brandenburg und reisten nach Berlin. \u00a0 Am 23.Mai 2019 versammelten sich ca. 1500 Menschen vor dem Bundeskanzleramt, um f\u00fcr eine vern\u00fcnftige Energiewende und gegen die Zerst\u00f6rung unserer Natur- und Kultur- [&hellip;]"}

Michael Pflügner

Holzländer zur Demo gegen Windräder im Wald - ProHolzlandwald.de

<blockquote class="wp-embedded-content" data-secret="RK7hsyxNtf"><a href="https://www.proholzlandwald.de/bi/holzlaender-zur-demo-gegen-windraeder-im-wald/">Holzländer zur Demo gegen Windräder im Wald</a></blockquote><iframe sandbox="allow-scripts" security="restricted" src="https://www.proholzlandwald.de/bi/holzlaender-zur-demo-gegen-windraeder-im-wald/embed/#?secret=RK7hsyxNtf" width="600" height="338" title="&#8222;Holzländer zur Demo gegen Windräder im Wald&#8220; &#8211; ProHolzlandwald.de" data-secret="RK7hsyxNtf" frameborder="0" marginwidth="0" marginheight="0" scrolling="no" class="wp-embedded-content"></iframe><script type="text/javascript">
/* <![CDATA[ */
/*! This file is auto-generated */
!function(d,l){"use strict";l.querySelector&&d.addEventListener&&"undefined"!=typeof URL&&(d.wp=d.wp||{},d.wp.receiveEmbedMessage||(d.wp.receiveEmbedMessage=function(e){var t=e.data;if((t||t.secret||t.message||t.value)&&!/[^a-zA-Z0-9]/.test(t.secret)){for(var s,r,n,a=l.querySelectorAll('iframe[data-secret="'+t.secret+'"]'),o=l.querySelectorAll('blockquote[data-secret="'+t.secret+'"]'),c=new RegExp("^https?:$","i"),i=0;i<o.length;i++)o[i].style.display="none";for(i=0;i<a.length;i++)s=a[i],e.source===s.contentWindow&&(s.removeAttribute("style"),"height"===t.message?(1e3<(r=parseInt(t.value,10))?r=1e3:~~r<200&&(r=200),s.height=r):"link"===t.message&&(r=new URL(s.getAttribute("src")),n=new URL(t.value),c.test(n.protocol))&&n.host===r.host&&l.activeElement===s&&(d.top.location.href=t.value))}},d.addEventListener("message",d.wp.receiveEmbedMessage,!1),l.addEventListener("DOMContentLoaded",function(){for(var e,t,s=l.querySelectorAll("iframe.wp-embedded-content"),r=0;r<s.length;r++)(t=(e=s[r]).getAttribute("data-secret"))||(t=Math.random().toString(36).substring(2,12),e.src+="#?secret="+t,e.setAttribute("data-secret",t)),e.contentWindow.postMessage({message:"ready",secret:t},"*")},!1)))}(window,document);
/* ]]> */
</script>

Mitglieder der BI proholzlandwald e.V. und der BI St. Gangloff folgten dem Aufruf des Aktionsbündnisses pro Natur zum Schutz unsere Heimat und der VI Rettet Brandenburg und reisten nach Berlin.   Am 23.Mai 2019 versammelten sich ca. 1500 Menschen vor dem Bundeskanzleramt, um für eine vernünftige Energiewende und gegen die Zerstörung unserer Natur- und Kultur- [&hellip;]
