{"version":"1.0","provider_name":"ProHolzlandwald.de","provider_url":"https:\/\/www.proholzlandwald.de\/bi","author_name":"Michael Pfl\u00fcgner","author_url":"https:\/\/www.proholzlandwald.de\/bi\/author\/mp\/","title":"Mitgliederversammlung 2016 - ProHolzlandwald.de","type":"rich","width":600,"height":338,"html":"<blockquote class=\"wp-embedded-content\" data-secret=\"tGb08xnD3b\"><a href=\"https:\/\/www.proholzlandwald.de\/bi\/jahresmitgliederversammlung-2016\/\">Mitgliederversammlung 2016<\/a><\/blockquote><iframe sandbox=\"allow-scripts\" security=\"restricted\" src=\"https:\/\/www.proholzlandwald.de\/bi\/jahresmitgliederversammlung-2016\/embed\/#?secret=tGb08xnD3b\" width=\"600\" height=\"338\" title=\"&#8222;Mitgliederversammlung 2016&#8220; &#8211; ProHolzlandwald.de\" data-secret=\"tGb08xnD3b\" frameborder=\"0\" marginwidth=\"0\" marginheight=\"0\" scrolling=\"no\" class=\"wp-embedded-content\"><\/iframe><script type=\"text\/javascript\">\n\/* <![CDATA[ *\/\n\/*! This file is auto-generated *\/\n!function(d,l){\"use strict\";l.querySelector&&d.addEventListener&&\"undefined\"!=typeof URL&&(d.wp=d.wp||{},d.wp.receiveEmbedMessage||(d.wp.receiveEmbedMessage=function(e){var t=e.data;if((t||t.secret||t.message||t.value)&&!\/[^a-zA-Z0-9]\/.test(t.secret)){for(var s,r,n,a=l.querySelectorAll('iframe[data-secret=\"'+t.secret+'\"]'),o=l.querySelectorAll('blockquote[data-secret=\"'+t.secret+'\"]'),c=new RegExp(\"^https?:$\",\"i\"),i=0;i<o.length;i++)o[i].style.display=\"none\";for(i=0;i<a.length;i++)s=a[i],e.source===s.contentWindow&&(s.removeAttribute(\"style\"),\"height\"===t.message?(1e3<(r=parseInt(t.value,10))?r=1e3:~~r<200&&(r=200),s.height=r):\"link\"===t.message&&(r=new URL(s.getAttribute(\"src\")),n=new URL(t.value),c.test(n.protocol))&&n.host===r.host&&l.activeElement===s&&(d.top.location.href=t.value))}},d.addEventListener(\"message\",d.wp.receiveEmbedMessage,!1),l.addEventListener(\"DOMContentLoaded\",function(){for(var e,t,s=l.querySelectorAll(\"iframe.wp-embedded-content\"),r=0;r<s.length;r++)(t=(e=s[r]).getAttribute(\"data-secret\"))||(t=Math.random().toString(36).substring(2,12),e.src+=\"#?secret=\"+t,e.setAttribute(\"data-secret\",t)),e.contentWindow.postMessage({message:\"ready\",secret:t},\"*\")},!1)))}(window,document);\n\/* ]]> *\/\n<\/script>\n","thumbnail_url":"https:\/\/www.proholzlandwald.de\/bi\/wp-content\/uploads\/2016\/04\/BI-proholzland-neuer-Vorstand_title.jpg","thumbnail_width":929,"thumbnail_height":355,"description":"Die Jahresmitgliederversammlung unserer BI fand am 12.4.2016 im Gasthaus zur Kanone statt. Vor 35 anwesenden Mitgliedern, Herrn Dr. Mario Voigt (stellv. Landesvorsitzender der CDU und Mitglied im Th\u00fcringer Landtag) als Gast und dem Vertreter der Presse Herrn Schott (OTZ) er\u00f6ffnete der amtierende Vorsitzende Volkhardt Pirl. Im Rechenschaftsbericht machte der zur\u00fcckgetretenen 1. Vorstand Dr. Illian deutlich, [&hellip;]"}

Michael Pflügner

Die Jahresmitgliederversammlung unserer BI fand am 12.4.2016 im Gasthaus zur Kanone statt. Vor 35 anwesenden Mitgliedern, Herrn Dr. Mario Voigt (stellv. Landesvorsitzender der CDU und Mitglied im Thüringer Landtag) als Gast und dem Vertreter der Presse Herrn Schott (OTZ) eröffnete der amtierende Vorsitzende Volkhardt Pirl. Im Rechenschaftsbericht machte der zurückgetretenen 1. Vorstand Dr. Illian deutlich, [&hellip;]
