{"version":"1.0","provider_name":"ProHolzlandwald.de","provider_url":"https:\/\/www.proholzlandwald.de\/bi","author_name":"admin","author_url":"https:\/\/www.proholzlandwald.de\/bi\/author\/admin\/","title":"Sommerfest der BI - ProHolzlandwald.de","type":"rich","width":600,"height":338,"html":"<blockquote class=\"wp-embedded-content\" data-secret=\"B7ihb80xza\"><a href=\"https:\/\/www.proholzlandwald.de\/bi\/sommerfest-der-bi\/\">Sommerfest der BI<\/a><\/blockquote><iframe sandbox=\"allow-scripts\" security=\"restricted\" src=\"https:\/\/www.proholzlandwald.de\/bi\/sommerfest-der-bi\/embed\/#?secret=B7ihb80xza\" width=\"600\" height=\"338\" title=\"&#8222;Sommerfest der BI&#8220; &#8211; ProHolzlandwald.de\" data-secret=\"B7ihb80xza\" frameborder=\"0\" marginwidth=\"0\" marginheight=\"0\" scrolling=\"no\" class=\"wp-embedded-content\"><\/iframe><script type=\"text\/javascript\">\n\/* <![CDATA[ *\/\n\/*! This file is auto-generated *\/\n!function(d,l){\"use strict\";l.querySelector&&d.addEventListener&&\"undefined\"!=typeof URL&&(d.wp=d.wp||{},d.wp.receiveEmbedMessage||(d.wp.receiveEmbedMessage=function(e){var t=e.data;if((t||t.secret||t.message||t.value)&&!\/[^a-zA-Z0-9]\/.test(t.secret)){for(var s,r,n,a=l.querySelectorAll('iframe[data-secret=\"'+t.secret+'\"]'),o=l.querySelectorAll('blockquote[data-secret=\"'+t.secret+'\"]'),c=new RegExp(\"^https?:$\",\"i\"),i=0;i<o.length;i++)o[i].style.display=\"none\";for(i=0;i<a.length;i++)s=a[i],e.source===s.contentWindow&&(s.removeAttribute(\"style\"),\"height\"===t.message?(1e3<(r=parseInt(t.value,10))?r=1e3:~~r<200&&(r=200),s.height=r):\"link\"===t.message&&(r=new URL(s.getAttribute(\"src\")),n=new URL(t.value),c.test(n.protocol))&&n.host===r.host&&l.activeElement===s&&(d.top.location.href=t.value))}},d.addEventListener(\"message\",d.wp.receiveEmbedMessage,!1),l.addEventListener(\"DOMContentLoaded\",function(){for(var e,t,s=l.querySelectorAll(\"iframe.wp-embedded-content\"),r=0;r<s.length;r++)(t=(e=s[r]).getAttribute(\"data-secret\"))||(t=Math.random().toString(36).substring(2,12),e.src+=\"#?secret=\"+t,e.setAttribute(\"data-secret\",t)),e.contentWindow.postMessage({message:\"ready\",secret:t},\"*\")},!1)))}(window,document);\n\/* ]]> *\/\n<\/script>\n","thumbnail_url":"https:\/\/www.proholzlandwald.de\/bi\/wp-content\/uploads\/2016\/02\/IMG_1030.jpg","thumbnail_width":1024,"thumbnail_height":765,"description":"Bereits 5 Monate besteht die BI und hat am 18. 6. in den Kanonengarten Tautenhain zum Sommerfest eingeladen. Bei Th\u00fcringer Rostbratwurst, selbst gebackenem Kuchen und Bier gab es regen Gedankenaustausch. Frau Pirl \u00fcbergab der Stellvertreterin des Landrates Frau Klotz die Zuarbeit der B\u00fcrgerinitiative zur Neugestaltung des Regionalplanes Osth\u00fcringen. Mit Versen \u00fcber den Wald \u00fcberraschte Dr. [&hellip;]"}

Bereits 5 Monate besteht die BI und hat am 18. 6. in den Kanonengarten Tautenhain zum Sommerfest eingeladen. Bei Thüringer Rostbratwurst, selbst gebackenem Kuchen und Bier gab es regen Gedankenaustausch. Frau Pirl übergab der Stellvertreterin des Landrates Frau Klotz die Zuarbeit der Bürgerinitiative zur Neugestaltung des Regionalplanes Osthüringen. Mit Versen über den Wald überraschte Dr. [&hellip;]
