{"version":"1.0","provider_name":"ProHolzlandwald.de","provider_url":"https:\/\/www.proholzlandwald.de\/bi","author_name":"Michael Pfl\u00fcgner","author_url":"https:\/\/www.proholzlandwald.de\/bi\/author\/mp\/","title":"Unser 3. windradfreies Sommerfest - ProHolzlandwald.de","type":"rich","width":600,"height":338,"html":"<blockquote class=\"wp-embedded-content\" data-secret=\"zrsrQl4ViK\"><a href=\"https:\/\/www.proholzlandwald.de\/bi\/unser-3-windradfreies-sommerfest\/\">Unser 3. windradfreies Sommerfest<\/a><\/blockquote><iframe sandbox=\"allow-scripts\" security=\"restricted\" src=\"https:\/\/www.proholzlandwald.de\/bi\/unser-3-windradfreies-sommerfest\/embed\/#?secret=zrsrQl4ViK\" width=\"600\" height=\"338\" title=\"&#8222;Unser 3. windradfreies Sommerfest&#8220; &#8211; ProHolzlandwald.de\" data-secret=\"zrsrQl4ViK\" frameborder=\"0\" marginwidth=\"0\" marginheight=\"0\" scrolling=\"no\" class=\"wp-embedded-content\"><\/iframe><script type=\"text\/javascript\">\n\/* <![CDATA[ *\/\n\/*! This file is auto-generated *\/\n!function(d,l){\"use strict\";l.querySelector&&d.addEventListener&&\"undefined\"!=typeof URL&&(d.wp=d.wp||{},d.wp.receiveEmbedMessage||(d.wp.receiveEmbedMessage=function(e){var t=e.data;if((t||t.secret||t.message||t.value)&&!\/[^a-zA-Z0-9]\/.test(t.secret)){for(var s,r,n,a=l.querySelectorAll('iframe[data-secret=\"'+t.secret+'\"]'),o=l.querySelectorAll('blockquote[data-secret=\"'+t.secret+'\"]'),c=new RegExp(\"^https?:$\",\"i\"),i=0;i<o.length;i++)o[i].style.display=\"none\";for(i=0;i<a.length;i++)s=a[i],e.source===s.contentWindow&&(s.removeAttribute(\"style\"),\"height\"===t.message?(1e3<(r=parseInt(t.value,10))?r=1e3:~~r<200&&(r=200),s.height=r):\"link\"===t.message&&(r=new URL(s.getAttribute(\"src\")),n=new URL(t.value),c.test(n.protocol))&&n.host===r.host&&l.activeElement===s&&(d.top.location.href=t.value))}},d.addEventListener(\"message\",d.wp.receiveEmbedMessage,!1),l.addEventListener(\"DOMContentLoaded\",function(){for(var e,t,s=l.querySelectorAll(\"iframe.wp-embedded-content\"),r=0;r<s.length;r++)(t=(e=s[r]).getAttribute(\"data-secret\"))||(t=Math.random().toString(36).substring(2,12),e.src+=\"#?secret=\"+t,e.setAttribute(\"data-secret\",t)),e.contentWindow.postMessage({message:\"ready\",secret:t},\"*\")},!1)))}(window,document);\n\/* ]]> *\/\n<\/script>\n","thumbnail_url":"https:\/\/www.proholzlandwald.de\/bi\/wp-content\/uploads\/2017\/08\/9.jpg","thumbnail_width":1024,"thumbnail_height":768,"description":"&#8220;Petrus ist wahrlich ein Tautenhainer&#8221;, so unser Vorsitzender Volkhardt im R\u00fcckblick auf das 3. Sommerfest unserer BI am 20. August im Kanonengarten. Vielen Dank den vielen flei\u00dfigen Helfern im Vorfeld und w\u00e4hrend der Veranstaltung sowie den K\u00fcnstlern.\u00a0 Alle die das waren hatten viel Spa\u00df- ob beim Hufeisenwerfen oder\u00a0 1 kg- Holzs\u00e4gen. Die neue Wandertafel &#8220;Wandern [&hellip;]"}

Michael Pflügner

&#8220;Petrus ist wahrlich ein Tautenhainer&#8221;, so unser Vorsitzender Volkhardt im Rückblick auf das 3. Sommerfest unserer BI am 20. August im Kanonengarten. Vielen Dank den vielen fleißigen Helfern im Vorfeld und während der Veranstaltung sowie den Künstlern.  Alle die das waren hatten viel Spaß- ob beim Hufeisenwerfen oder  1 kg- Holzsägen. Die neue Wandertafel &#8220;Wandern [&hellip;]
