{"version":"1.0","provider_name":"ProHolzlandwald.de","provider_url":"https:\/\/www.proholzlandwald.de\/bi","author_name":"Michael Pfl\u00fcgner","author_url":"https:\/\/www.proholzlandwald.de\/bi\/author\/mp\/","title":"Waldzerst\u00f6rung im Holzland f\u00fcr gr\u00fcnen Strom in Bayern - ProHolzlandwald.de","type":"rich","width":600,"height":338,"html":"<blockquote class=\"wp-embedded-content\" data-secret=\"of8jlZnodR\"><a href=\"https:\/\/www.proholzlandwald.de\/bi\/waldzerstoerung-im-holzland-fuer-gruenen-strom-in-bayern\/\">Waldzerst\u00f6rung im Holzland f\u00fcr gr\u00fcnen Strom in Bayern<\/a><\/blockquote><iframe sandbox=\"allow-scripts\" security=\"restricted\" src=\"https:\/\/www.proholzlandwald.de\/bi\/waldzerstoerung-im-holzland-fuer-gruenen-strom-in-bayern\/embed\/#?secret=of8jlZnodR\" width=\"600\" height=\"338\" title=\"&#8222;Waldzerst\u00f6rung im Holzland f\u00fcr gr\u00fcnen Strom in Bayern&#8220; &#8211; ProHolzlandwald.de\" data-secret=\"of8jlZnodR\" frameborder=\"0\" marginwidth=\"0\" marginheight=\"0\" scrolling=\"no\" class=\"wp-embedded-content\"><\/iframe><script type=\"text\/javascript\">\n\/* <![CDATA[ *\/\n\/*! This file is auto-generated *\/\n!function(d,l){\"use strict\";l.querySelector&&d.addEventListener&&\"undefined\"!=typeof URL&&(d.wp=d.wp||{},d.wp.receiveEmbedMessage||(d.wp.receiveEmbedMessage=function(e){var t=e.data;if((t||t.secret||t.message||t.value)&&!\/[^a-zA-Z0-9]\/.test(t.secret)){for(var s,r,n,a=l.querySelectorAll('iframe[data-secret=\"'+t.secret+'\"]'),o=l.querySelectorAll('blockquote[data-secret=\"'+t.secret+'\"]'),c=new RegExp(\"^https?:$\",\"i\"),i=0;i<o.length;i++)o[i].style.display=\"none\";for(i=0;i<a.length;i++)s=a[i],e.source===s.contentWindow&&(s.removeAttribute(\"style\"),\"height\"===t.message?(1e3<(r=parseInt(t.value,10))?r=1e3:~~r<200&&(r=200),s.height=r):\"link\"===t.message&&(r=new URL(s.getAttribute(\"src\")),n=new URL(t.value),c.test(n.protocol))&&n.host===r.host&&l.activeElement===s&&(d.top.location.href=t.value))}},d.addEventListener(\"message\",d.wp.receiveEmbedMessage,!1),l.addEventListener(\"DOMContentLoaded\",function(){for(var e,t,s=l.querySelectorAll(\"iframe.wp-embedded-content\"),r=0;r<s.length;r++)(t=(e=s[r]).getAttribute(\"data-secret\"))||(t=Math.random().toString(36).substring(2,12),e.src+=\"#?secret=\"+t,e.setAttribute(\"data-secret\",t)),e.contentWindow.postMessage({message:\"ready\",secret:t},\"*\")},!1)))}(window,document);\n\/* ]]> *\/\n<\/script>\n","thumbnail_url":"http:\/\/www.proholzlandwald.de\/bi\/wp-content\/uploads\/2025\/02\/sl2.jpg","thumbnail_width":1024,"thumbnail_height":768,"description":"In den letzten Wochen wurde die 35m breite Schneise s\u00fcdlich-\u00f6stlich von Tautenhain durch den Holzlandwald geschlagen, so wie es 50 Hertz und die Bundesnetzagentur beschlossen haben. Dem Wanderer blutet das Herz! Den Vorschl\u00e4gen der B\u00fcrgerinitiativen (siehe auch hier )und des Landratsamtes wurde nicht gefolgt. Eine Nutzung bestehender Schneisen und Wege wurde abgelehnt. Mindestens 14 ha [&hellip;]"}

Michael Pflügner

Waldzerstörung im Holzland für grünen Strom in Bayern - ProHolzlandwald.de

<blockquote class="wp-embedded-content" data-secret="of8jlZnodR"><a href="https://www.proholzlandwald.de/bi/waldzerstoerung-im-holzland-fuer-gruenen-strom-in-bayern/">Waldzerstörung im Holzland für grünen Strom in Bayern</a></blockquote><iframe sandbox="allow-scripts" security="restricted" src="https://www.proholzlandwald.de/bi/waldzerstoerung-im-holzland-fuer-gruenen-strom-in-bayern/embed/#?secret=of8jlZnodR" width="600" height="338" title="&#8222;Waldzerstörung im Holzland für grünen Strom in Bayern&#8220; &#8211; ProHolzlandwald.de" data-secret="of8jlZnodR" frameborder="0" marginwidth="0" marginheight="0" scrolling="no" class="wp-embedded-content"></iframe><script type="text/javascript">
/* <![CDATA[ */
/*! This file is auto-generated */
!function(d,l){"use strict";l.querySelector&&d.addEventListener&&"undefined"!=typeof URL&&(d.wp=d.wp||{},d.wp.receiveEmbedMessage||(d.wp.receiveEmbedMessage=function(e){var t=e.data;if((t||t.secret||t.message||t.value)&&!/[^a-zA-Z0-9]/.test(t.secret)){for(var s,r,n,a=l.querySelectorAll('iframe[data-secret="'+t.secret+'"]'),o=l.querySelectorAll('blockquote[data-secret="'+t.secret+'"]'),c=new RegExp("^https?:$","i"),i=0;i<o.length;i++)o[i].style.display="none";for(i=0;i<a.length;i++)s=a[i],e.source===s.contentWindow&&(s.removeAttribute("style"),"height"===t.message?(1e3<(r=parseInt(t.value,10))?r=1e3:~~r<200&&(r=200),s.height=r):"link"===t.message&&(r=new URL(s.getAttribute("src")),n=new URL(t.value),c.test(n.protocol))&&n.host===r.host&&l.activeElement===s&&(d.top.location.href=t.value))}},d.addEventListener("message",d.wp.receiveEmbedMessage,!1),l.addEventListener("DOMContentLoaded",function(){for(var e,t,s=l.querySelectorAll("iframe.wp-embedded-content"),r=0;r<s.length;r++)(t=(e=s[r]).getAttribute("data-secret"))||(t=Math.random().toString(36).substring(2,12),e.src+="#?secret="+t,e.setAttribute("data-secret",t)),e.contentWindow.postMessage({message:"ready",secret:t},"*")},!1)))}(window,document);
/* ]]> */
</script>

In den letzten Wochen wurde die 35m breite Schneise südlich-östlich von Tautenhain durch den Holzlandwald geschlagen, so wie es 50 Hertz und die Bundesnetzagentur beschlossen haben. Dem Wanderer blutet das Herz! Den Vorschlägen der Bürgerinitiativen (siehe auch hier )und des Landratsamtes wurde nicht gefolgt. Eine Nutzung bestehender Schneisen und Wege wurde abgelehnt. Mindestens 14 ha [&hellip;]
